{"id":2,"date":"2016-05-10T03:48:21","date_gmt":"2016-05-10T03:48:21","guid":{"rendered":"http:\/\/test-wp.hp-susanne-gerking.de\/?page_id=2"},"modified":"2019-11-10T16:49:58","modified_gmt":"2019-11-10T16:49:58","slug":"sample-page","status":"publish","type":"page","link":"https:\/\/hp-susanne-gerking.de\/","title":{"rendered":"Willkommen"},"content":{"rendered":"<p style=\"text-align: left;\"><img loading=\"lazy\" class=\"wp-image-288  alignleft\" src=\"https:\/\/hp-susanne-gerking.de\/wp-content\/uploads\/2019\/11\/Susanne_4_bearb_farbe-e1573403928243-300x202.jpg\" alt=\"\" width=\"346\" height=\"233\" srcset=\"https:\/\/hp-susanne-gerking.de\/wp-content\/uploads\/2019\/11\/Susanne_4_bearb_farbe-e1573403928243-300x202.jpg 300w, https:\/\/hp-susanne-gerking.de\/wp-content\/uploads\/2019\/11\/Susanne_4_bearb_farbe-e1573403928243-768x516.jpg 768w, https:\/\/hp-susanne-gerking.de\/wp-content\/uploads\/2019\/11\/Susanne_4_bearb_farbe-e1573403928243-1024x688.jpg 1024w, https:\/\/hp-susanne-gerking.de\/wp-content\/uploads\/2019\/11\/Susanne_4_bearb_farbe-e1573403928243.jpg 1485w\" sizes=\"(max-width: 346px) 100vw, 346px\" \/><br \/>Ich freue mich, Sie auf meiner Internetseite begr\u00fc\u00dfen zu d\u00fcrfen!<br \/><br \/>Hier k\u00f6nnen Sie sich \u00fcber meine Praxis sowie<br \/>Diagnose- und Behandlungsmethoden informieren.<\/p>\n<p>Gesundheit und Wohlbefinden sind zwei wichtige Standbeine, <br \/>um den Alltag zu meistern und mehr Freude am Leben zu haben.<\/p>\n<p>\u00a0<\/p>\n\n\n<p>Tun Sie sich etwas Gutes \u2013 ich helfe Ihnen gern dabei!<br><br> <em>Ihre Susanne Gerking<\/em> <\/p>\n","protected":false},"excerpt":{"rendered":"<p>Ich freue mich, Sie auf meiner Internetseite begr\u00fc\u00dfen zu d\u00fcrfen! Hier k\u00f6nnen Sie sich \u00fcber meine Praxis sowieDiagnose- und Behandlungsmethoden informieren. Gesundheit und Wohlbefinden sind zwei wichtige Standbeine, um den Alltag zu meistern und mehr Freude am Leben zu haben. \u00a0 Tun Sie sich etwas Gutes \u2013 ich helfe Ihnen gern dabei! Ihre Susanne Gerking<\/p>\n","protected":false},"author":1,"featured_media":0,"parent":0,"menu_order":0,"comment_status":"closed","ping_status":"open","template":"","meta":{"site-sidebar-layout":"default","site-content-layout":"default","ast-main-header-display":"","ast-hfb-above-header-display":"","ast-hfb-below-header-display":"","ast-hfb-mobile-header-display":"","site-post-title":"","ast-breadcrumbs-content":"","ast-featured-img":"","footer-sml-layout":"","theme-transparent-header-meta":"default","adv-header-id-meta":"","stick-header-meta":"","header-above-stick-meta":"","header-main-stick-meta":"","header-below-stick-meta":""},"_links":{"self":[{"href":"https:\/\/hp-susanne-gerking.de\/index.php?rest_route=\/wp\/v2\/pages\/2"}],"collection":[{"href":"https:\/\/hp-susanne-gerking.de\/index.php?rest_route=\/wp\/v2\/pages"}],"about":[{"href":"https:\/\/hp-susanne-gerking.de\/index.php?rest_route=\/wp\/v2\/types\/page"}],"author":[{"embeddable":true,"href":"https:\/\/hp-susanne-gerking.de\/index.php?rest_route=\/wp\/v2\/users\/1"}],"replies":[{"embeddable":true,"href":"https:\/\/hp-susanne-gerking.de\/index.php?rest_route=%2Fwp%2Fv2%2Fcomments&post=2"}],"version-history":[{"count":17,"href":"https:\/\/hp-susanne-gerking.de\/index.php?rest_route=\/wp\/v2\/pages\/2\/revisions"}],"predecessor-version":[{"id":302,"href":"https:\/\/hp-susanne-gerking.de\/index.php?rest_route=\/wp\/v2\/pages\/2\/revisions\/302"}],"wp:attachment":[{"href":"https:\/\/hp-susanne-gerking.de\/index.php?rest_route=%2Fwp%2Fv2%2Fmedia&parent=2"}],"curies":[{"name":"wp","href":"https:\/\/api.w.org\/{rel}","templated":true}]}}